hat is z(-11)?
-3
Let k(p) = 8*p**2 - 11*p - 66. Let h(y) = -11*y**2 + 10*y + 65. Let g(s) = -2*h(s) - 3*k(s). Determine g(10).
-2
Let t(h) = 925*h - 462*h - 33 - 468*h. Determine t(-5).
-8
Let k be ((-2736)/1026)/(2/3). Let r(w) = -8*w**2 + 7*w + 22. Determine r(k).
-134
Let k(j) = -145*j**2 - 42*j + 5*j - 157*j**2 - 305 + 301*j**2. What is k(-12)?
-5
Let p(g) = -13*g**3 + 1105*g**2. Let w be p(85). Let r(o) = o**3 + 2*o**2 + o - 5. What is r(w)?
-5
Let s(z) = -3*z + 16. Suppose 10 = v + 4*g, 4*v - 14 + 0 = -3*g. Suppose 0*y = v*y - 14. Calculate s(y).
-5
Let l(w) = w**2 - 7*w. Let d be 12333/15 + (1 - 12/10). Let o = 827 - d. Give l(o).
-10
Suppose 4*w + 50 = -5*z, 155 = -15*z + w + 70. Let v(x) = 2*x + 3. Let t(s) = 4*s + 6. Let q(l) = -3*t(l) + 5*v(l). Give q(z).
9
Let x(z) = 10*z + 121900 - 121900. Give x(-1).
-10
Suppose 0 = 5*h - 3*d + 6*d - 1, 4*h + 5*d + 7 = 0. Let v(x) = 6*x**2 - 12*x**2 + 5*x**h - x - 9*x. Calculate v(-11).
-11
Let t(q) = 19*q**3 - q**2 + 2*q - 2. Let r = 9239 - 9238. Determine t(r).
18
Let n(j) = -j**2 + 5*j - 6. Let q be n(4). Let p(d) = -2 + 430*d - 892*d + 458*d. Determine p(q).
6
Let h(b) = -1760 + 15*b + 1835 - 13*b. Give h(-33).
9
Let y(n) be the first derivative of -n**4/4 - 10*n**3/3 + 18*n**2 - 10*n - 13094. Calculate y(-13).
29
Let v(k) = k**2 - k - 7. Let f(c) = -c**2 + c + 7. Suppose 4*n = 2*z - 16, -z - 46 + 19 = 5*n. Let w(u) = n*f(u) - 4*v(u). Calculate w(0).
-7
Let z(x) = -x**2 - 2*x + 11. Let j be 5 + (-46)/10 + 37/(-5) + -1. Give z(j).
-37
Let i(b) = 3*b**3 - 3*b**2 - 7*b + 9. Let p(w) = -w**3 + 2*w**2 + 4*w - 5. Let z(m) = 3*i(m) + 5*p(m). Suppose -244 = 95*n + 27*n. What is z(n)?
-24
Let m be (-16*5/(-30))/(2/3). Let h(f) be the third derivative of 0*f**3 + 0*f - 1/8*f**m + 0 + 23*f**2. Determine h(1).
-3
Let w(q) = -199*q + 12. Let j(z) = -62*z + 4. Let k(y) = 13*j(y) - 4*w(y). Calculate k(-3).
34
Let q(z) = -2*z - 2. Let n(b) = -28*b - 46. Let w(p) = 2*n(p) - 18*q(p). Calculate w(-3).
4
Let o(u) = u**3 + 5*u**2 + 2*u - 14. Let x be -2 + 9/12 - (-6 + 546/56). Determine o(x).
-24
Let g(u) be the second derivative of u**5/60 + 3*u**4/8 + u**3/6 - 35*u**2/2 + 3*u + 9. Let n(j) be the first derivative of g(j). Calculate n(-8).
-7
Let h = -1 - 9. Let n be (2445/(-80))/((-3)/4)*4. Let j(q) = 321 - n - 9*q**2 + 9*q - q**3 - 164. Determine j(h).
4
Let n(v) be the first derivative of -v**5/120 + v**4/2 + 58*v**3/3 - 53. Let f(i) be the third derivative of n(i). Determine f(14).
-2
Let x be (0 + -2)/(6/(-48)). Suppose -4*l = -5*y - 5*l + x, -y + 2*l + 1 = 0. Let s(n) = -4 - y - 5*n + 8 + n**2. Determine s(5).
1
Let d(v) = -8*v - 132. Suppose 5*r = 4*i + 52, -5*r = 6*i - 14*i - 104. Give d(i).
-28
Suppose -4*f = 11*f + 90. Let h = f - -12. Let m(y) = y + 3 + h*y + 33*y**2 - 13*y**2 - 21*y**2. Give m(6).
9
Let n(w) = 2*w**3 + w**2 + 1. Let m(b) = 7*b**3 + 10*b**2 + 9*b + 13. Let c(g) = m(g) - 4*n(g). Give c(8).
-47
Let c(p) be the second derivative of -p**5/20 - p**4/3 - 7*p**3/6 - 5*p**2/2 + 6012*p - 1. Give c(-2).
1
Let b(c) = 6*c**2 + 4*c - 6. Suppose -5*p + 228 = 65*p - 13*p. What is b(p)?
106
Let q(w) = w**2. Let d(i) = 4*i**2 - i + 7. Let o(h) = d(h) - 5*q(h). Let p(u) = -2*u**2 - 9*u - 1. Suppose 4 + 6 = -2*t. Let v be p(t). Calculate o(v).
-23
Suppose 5*v - 6 = -4*u - 19, 3*u + 9 = -3*v. Let b(q) = -22*q - 42. Let h be b(u). Let w(t) = 2*t**2 - 2*t + 1. Give w(h).
5
Let s be 73/3*(-13 - -10). Let k = s - -75. Let d(t) = -2*t**k + 9*t - 5*t**3 + 10*t - 1 - 21*t + t**2. Calculate d(-1).
5
Let c(g) be the first derivative of -g**2/2 + g + 37689. Let l(u) = -u**3 + 2*u**2 - u - 1. Let x be l(3). Let p = x + 8. Give c(p).
6
Let u(m) = 3*m**3 + 2*m + 2. Suppose 61 - 45 = -16*o. Calculate u(o).
-3
Let p = 3273 + -3275. Let a(g) = -9*g - 1. Let u(z) = 2 - 2*z + 19*z + 0*z. Let s(f) = -7*a(f) - 4*u(f). Calculate s(p).
9
Let k(l) = l**3 + 16*l**2 + 59*l - 36. Let b be k(-8). Let q(n) be the second derivative of -2/3*n**3 - 7/2*n**2 - n + 1/12*n**b + 0. Give q(6).
5
Let l(i) be the first derivative of 1/6*i**4 - 15*i**2 + i**3 + 30 + 0*i - 1/60*i**5. Let p(t) be the second derivative of l(t). What is p(6)?
-6
Suppose 0 = -3*u + 2*s + 3*s + 3, 11*u = -4*s + 11. Let r(y) = -13*y**2 - 2*y + 1. What is r(u)?
-14
Let p(f) = -4*f + 12. Let b = -58 + 175. Suppose -40 = b*g - 122*g. Give p(g).
-20
Suppose 8*d - 21*d = -11*d - 12*d. Let v(k) = -5*k**3 - 5*k**2 + 3*k + 30. Let g(o) = -o**3 - o**2 + o + 1. Let z(b) = 4*g(b) - v(b). Give z(d).
-26
Let t(n) = -n**2 + 1. Let f(j) = -10*j**2 + 4*j + 3. Let u(i) = -f(i) - 2*t(i). Let r(q) = -10*q**2 + 4*q + 4. Let d(z) = -5*r(z) - 4*u(z). Calculate d(5).
30
Let g(j) = 3*j**2 - 1. Suppose 4*w = -2*w + 54. Let s be (w - 5) + (0 - 3). What is g(s)?
2
Let n(v) = -7 - 609*v - 14 + 602*v. What is n(-5)?
14
Let q(u) be the first derivative of -34 - 1/4*u**4 + 8*u**2 - 14/3*u**3 + 16*u. Give q(-15).
1
Let t(m) = -16160 + 8010 + m + 8082. Calculate t(-21).
-89
Let b be ((-16)/12)/(14/(-483)). Let n be b/8 - (-25)/100. Let a(v) = -2 + n*v + 0*v - 10*v - 6*v**2 + 7*v + v**3. What is a(5)?
-12
Let l = 371 + -365. Let f(i) = 64 + 7*i**3 + 6*i**2 - 71 + 2*i - l*i**3. Give f(-5).
8
Let g(t) = 22 - 10 - 8*t - 3 + t**2. Suppose z + 4*z = 0. Suppose -3*n = -a - 2*n + 6, z = -5*a - 2*n + 30. Calculate g(a).
-3
Let g(q) = 20*q**2 - 11*q + 23. Let t(u) = 10 - 2 + 7*u**2 - 4*u + 0*u**2. Let l(c) = -6*g(c) + 17*t(c). Determine l(4).
-26
Let p = -2 + -1. Let r be (p*(-6)/9)/1. Let g(f) = f**2 + 3*f + 0*f + r*f + 2. Determine g(-3).
-4
Let h(n) = -n**2 + 11*n - 5. Suppose -21*m + 34*m + 23*m = 72. Calculate h(m).
13
Let q = 12352 - 12326. Let o(h) be the second derivative of -q*h + 5/2*h**2 + 0 + 7/6*h**3 + 1/12*h**4. What is o(-6)?
-1
Let h(o) = o**3 + 5*o**2 + 4*o. Let f be h(-4). Let g(k) = 5*k**2 - 2. Let u(s) = 14*s**2 - 5. Let q(n) = -17*g(n) + 6*u(n). Give q(f).
4
Let p(y) = 69*y - 1378. Let g be p(20). Let c(x) be the second derivative of 0 - 14*x + 1/6*x**3 + 1/12*x**4 + 2*x**g. Determine c(-3).
10
Let g(c) = -3*c**2 + 2*c + 2. Let z(s) = 90*s**3 - 8*s**2 + 9*s - 2. Let o be z(1). Suppose -6*b + o = 77. Calculate g(b).
-6
Let l(a) = 2*a - 3. Let f be l(3). Suppose -5*p - f*p = 56. Let w(d) = -4*d - 2 + 4*d + d. What is w(p)?
-9
Let n be (-4)/6 - 26/(-3). Let m = 5561 + -5554. Let z(w) = -n*w - 8*w**2 - 1 + w**3 + 5 - m. Calculate z(9).
6
Let z(u) = 5*u + 108. Let l be z(-21). Let h(w) = -4*w - 2. Let q(g) = -5*g. Let a(v) = l*q(v) - 4*h(v). What is a(-6)?
2
Let z(s) = -16*s**3 + 3*s**2 - s - 2. Suppose -793 + 829 = 36*v. Determine z(v).
-16
Let u(s) = 146*s**2 + 731*s + 18. Let m be u(-5). Let t(a) = -a**3 + 12*a**2 + 9*a + 5. Calculate t(m).
-47
Let v(l) = l**2 + 30*l - 46. Let u(z) = 354*z + 5279. Let x be u(-15). Determine v(x).
-15
Suppose 5*x - 7*x = -2*z + 20, 18 = -x + 5*z. Let v(u) = 2*u + 10. What is v(x)?
-6
Let l be (-1 - (-3)/15)/((-360)/(-450)). Let b(w) = -18*w + 9. Let u(j) = 9*j - 5. Let h(i) = -5*b(i) - 9*u(i). Calculate h(l).
-9
Suppose -2*r = -5*r - 3*b + 15, 3*r + b = 13. Suppose -7*s - 13 + 34 = 0. Suppose s*h = -h - a + 28, 46 = 5*h + r*a. Let c(l) = l**2 - 4*l + 7. Give c(h).
19
Suppose 0*b + 4 = -2*b. Let z(x) be the first derivative of x**4/2 - x**3/3 + 1644. Determine z(b).
-20
Let m(b) = -b**3 - 9*b**2 + 4*b - 8. Let w be m(-9). Let k = w - -41. Let z(y) = y**2 + 2*y - 1. What is z(k)?
2
Let c(u) = -u**3 - u. Let y be c(0). Let a(p) = 144*p - 149*p - p**3 + y - 5*p**2 + 3. What is a(-4)?
7
Let f(l) = -3*l + 2. Let r be f(-1). Let o be (84/70)/(1/r). Suppose o*z = 8*z. Let y(t) = t**3 - t + 13. Determine y(z).
13
Suppose 48*f = 47*f + 12. Suppose 13*h = 77 - f. Let x(n) be the second derivative of n**5/20 - 5*n**4/12 - n**3/3 + 2*n**2 - 3*n. What is x(h)?
-6
Let s(o) = -4*o - 11202 + 11171 + 6*o. Calculate s(11).
-9
Let h(s) = -4*s**3 + 11*s**2 - 5*s + 9. Let d(u) = -5*u**3 + 12*u**2 - 4*u + 9. Suppose -125 = -36*o - 17. Let n(q) = o*d(q) - 4*h(q). Calculate n(7).
-2
Let u(r) = 8*r**2 - 3*r**2 - 13 + 5*r - 10 + 26. Calculate u(-4).
63
Suppose 184*i - 186*i + 8 = 0. Let w(f) = -13*f - 4. Give w(i).
-56
Suppose 6*k - 2*m - 31 = -3, -4*k + 44 = 5*m. Let y(b) = -2*b**2 + 59 + b**2 - 45 + 3*b. Give y(k).
-4
Suppose -6*v - 4 = 20. Let d(r) = r - 8. Let g(y) = 3. Let